[INFO] cloning repository https://github.com/canufeel/maze
[INFO] running `Command { std: "git" "-c" "credential.helper=" "-c" "credential.helper=/workspace/cargo-home/bin/git-credential-null" "clone" "--bare" "https://github.com/canufeel/maze" "/workspace/cache/git-repos/https%3A%2F%2Fgithub.com%2Fcanufeel%2Fmaze", kill_on_drop: false }`
[INFO] [stderr] Cloning into bare repository '/workspace/cache/git-repos/https%3A%2F%2Fgithub.com%2Fcanufeel%2Fmaze'...
[INFO] running `Command { std: "git" "rev-parse" "HEAD", kill_on_drop: false }`
[INFO] [stdout] e9ddff80d724235f24234f7182c6297b8f1995f7
[INFO] checking canufeel/maze against master#af3c6e733a40e671550e0f0f5aeecaa13772ba56 for pr-74989
[INFO] running `Command { std: "git" "clone" "/workspace/cache/git-repos/https%3A%2F%2Fgithub.com%2Fcanufeel%2Fmaze" "/workspace/builds/worker-7/source", kill_on_drop: false }`
[INFO] [stderr] Cloning into '/workspace/builds/worker-7/source'...
[INFO] [stderr] done.
[INFO] validating manifest of git repo https://github.com/canufeel/maze on toolchain af3c6e733a40e671550e0f0f5aeecaa13772ba56
[INFO] running `Command { std: "/workspace/cargo-home/bin/cargo" "+af3c6e733a40e671550e0f0f5aeecaa13772ba56" "read-manifest" "--manifest-path" "Cargo.toml", kill_on_drop: false }`
[INFO] started tweaking git repo https://github.com/canufeel/maze
[INFO] finished tweaking git repo https://github.com/canufeel/maze
[INFO] tweaked toml for git repo https://github.com/canufeel/maze written to /workspace/builds/worker-7/source/Cargo.toml
[INFO] crate git repo https://github.com/canufeel/maze already has a lockfile, it will not be regenerated
[INFO] running `Command { std: "/workspace/cargo-home/bin/cargo" "+af3c6e733a40e671550e0f0f5aeecaa13772ba56" "fetch" "--locked" "--manifest-path" "Cargo.toml", kill_on_drop: false }`
[INFO] running `Command { std: "docker" "create" "-v" "/var/lib/crater-agent-workspace/builds/worker-7/target:/opt/rustwide/target:rw,Z" "-v" "/var/lib/crater-agent-workspace/builds/worker-7/source:/opt/rustwide/workdir:ro,Z" "-v" "/var/lib/crater-agent-workspace/cargo-home:/opt/rustwide/cargo-home:ro,Z" "-v" "/var/lib/crater-agent-workspace/rustup-home:/opt/rustwide/rustup-home:ro,Z" "-e" "SOURCE_DIR=/opt/rustwide/workdir" "-e" "CARGO_TARGET_DIR=/opt/rustwide/target" "-e" "CARGO_HOME=/opt/rustwide/cargo-home" "-e" "RUSTUP_HOME=/opt/rustwide/rustup-home" "-w" "/opt/rustwide/workdir" "-m" "1610612736" "--user" "0:0" "--network" "none" "rustops/crates-build-env@sha256:d92eaeed33fa75130ca1ee6c8a01d1ffb62bac859dfdfb3450e3e5d1c0146529" "/opt/rustwide/cargo-home/bin/cargo" "+af3c6e733a40e671550e0f0f5aeecaa13772ba56" "metadata" "--no-deps" "--format-version=1", kill_on_drop: false }`
[INFO] [stderr] WARNING: Your kernel does not support swap limit capabilities or the cgroup is not mounted. Memory limited without swap.
[INFO] [stdout] 9e9b36c3476086dbf5808460afdc3e394f556ba3e406fe2cb9a1e78c95cda844
[INFO] running `Command { std: "docker" "start" "-a" "9e9b36c3476086dbf5808460afdc3e394f556ba3e406fe2cb9a1e78c95cda844", kill_on_drop: false }`
[INFO] running `Command { std: "docker" "inspect" "9e9b36c3476086dbf5808460afdc3e394f556ba3e406fe2cb9a1e78c95cda844", kill_on_drop: false }`
[INFO] running `Command { std: "docker" "rm" "-f" "9e9b36c3476086dbf5808460afdc3e394f556ba3e406fe2cb9a1e78c95cda844", kill_on_drop: false }`
[INFO] [stdout] 9e9b36c3476086dbf5808460afdc3e394f556ba3e406fe2cb9a1e78c95cda844
[INFO] running `Command { std: "docker" "create" "-v" "/var/lib/crater-agent-workspace/builds/worker-7/target:/opt/rustwide/target:rw,Z" "-v" "/var/lib/crater-agent-workspace/builds/worker-7/source:/opt/rustwide/workdir:ro,Z" "-v" "/var/lib/crater-agent-workspace/cargo-home:/opt/rustwide/cargo-home:ro,Z" "-v" "/var/lib/crater-agent-workspace/rustup-home:/opt/rustwide/rustup-home:ro,Z" "-e" "SOURCE_DIR=/opt/rustwide/workdir" "-e" "CARGO_TARGET_DIR=/opt/rustwide/target" "-e" "CARGO_INCREMENTAL=0" "-e" "RUST_BACKTRACE=full" "-e" "RUSTFLAGS=--cap-lints=forbid" "-e" "CARGO_HOME=/opt/rustwide/cargo-home" "-e" "RUSTUP_HOME=/opt/rustwide/rustup-home" "-w" "/opt/rustwide/workdir" "-m" "1610612736" "--user" "0:0" "--network" "none" "rustops/crates-build-env@sha256:d92eaeed33fa75130ca1ee6c8a01d1ffb62bac859dfdfb3450e3e5d1c0146529" "/opt/rustwide/cargo-home/bin/cargo" "+af3c6e733a40e671550e0f0f5aeecaa13772ba56" "check" "--frozen" "--all" "--all-targets" "--message-format=json", kill_on_drop: false }`
[INFO] [stderr] WARNING: Your kernel does not support swap limit capabilities or the cgroup is not mounted. Memory limited without swap.
[INFO] [stdout] f7292b79803763392785dcf32380b32890112e1f9f6e1a2b63a49c9c5b85eba9
[INFO] running `Command { std: "docker" "start" "-a" "f7292b79803763392785dcf32380b32890112e1f9f6e1a2b63a49c9c5b85eba9", kill_on_drop: false }`
[INFO] [stderr]    Compiling proc-macro2 v1.0.10
[INFO] [stderr]    Compiling wasm-bindgen-shared v0.2.60
[INFO] [stderr]    Compiling syn v1.0.18
[INFO] [stderr]    Compiling cfg-if v0.1.10
[INFO] [stderr]    Compiling libc v0.2.69
[INFO] [stderr]    Compiling lazy_static v1.4.0
[INFO] [stderr]    Compiling bumpalo v3.2.1
[INFO] [stderr]    Compiling wasm-bindgen v0.2.60
[INFO] [stderr]    Compiling log v0.4.8
[INFO] [stderr]    Compiling quote v1.0.3
[INFO] [stderr]     Checking getrandom v0.1.14
[INFO] [stderr]     Checking rand_core v0.5.1
[INFO] [stderr]     Checking rand_chacha v0.2.2
[INFO] [stderr]     Checking rand v0.7.3
[INFO] [stderr]    Compiling wasm-bindgen-backend v0.2.60
[INFO] [stderr]    Compiling wasm-bindgen-macro-support v0.2.60
[INFO] [stderr]    Compiling wasm-bindgen-macro v0.2.60
[INFO] [stderr]     Checking js-sys v0.3.37
[INFO] [stdout] error: return value of constructor must be a bare path
[INFO] [stdout]     --> /opt/rustwide/cargo-home/registry/src/github.com-1ecc6299db9ec823/js-sys-0.3.37/src/lib.rs:4793:13
[INFO] [stdout]      |
[INFO] [stdout] 4793 | /             /// The
[INFO] [stdout] 4794 | |             #[doc = $ctor]
[INFO] [stdout] 4795 | |             /// constructor creates an array of unsigned 8-bit integers.
[INFO] [stdout] 4796 | |             ///
[INFO] [stdout] ...    |
[INFO] [stdout] 4800 | |             #[wasm_bindgen(constructor)]
[INFO] [stdout] 4801 | |             pub fn new(constructor_arg: &JsValue) -> $name;
[INFO] [stdout]      | |___________________________________________________________^
[INFO] [stdout] ...
[INFO] [stdout] 4997 | / arrays! {
[INFO] [stdout] 4998 | |     /// `Int8Array()`
[INFO] [stdout] 4999 | |     /// https://developer.mozilla.org/en-US/docs/Web/JavaScript/Reference/Global_Objects/Int8Array
[INFO] [stdout] 5000 | |     Int8Array: i8,
[INFO] [stdout] ...    |
[INFO] [stdout] 5032 | |     Float64Array: f64,
[INFO] [stdout] 5033 | | }
[INFO] [stdout]      | |_- in this macro invocation
[INFO] [stdout]      |
[INFO] [stdout]      = note: this error originates in a macro (in Nightly builds, run with -Z macro-backtrace for more info)
[INFO] [stdout] 
[INFO] [stdout] 
[INFO] [stdout] error: return value of constructor must be a bare path
[INFO] [stdout]     --> /opt/rustwide/cargo-home/registry/src/github.com-1ecc6299db9ec823/js-sys-0.3.37/src/lib.rs:4803:13
[INFO] [stdout]      |
[INFO] [stdout] 4803 | /             /// An
[INFO] [stdout] 4804 | |             #[doc = $ctor]
[INFO] [stdout] 4805 | |             /// which creates an array with an internal buffer large
[INFO] [stdout] 4806 | |             /// enough for `length` elements.
[INFO] [stdout] ...    |
[INFO] [stdout] 4811 | |             #[wasm_bindgen(constructor)]
[INFO] [stdout] 4812 | |             pub fn new_with_length(length: u32) -> $name;
[INFO] [stdout]      | |_________________________________________________________^
[INFO] [stdout] ...
[INFO] [stdout] 4997 | / arrays! {
[INFO] [stdout] 4998 | |     /// `Int8Array()`
[INFO] [stdout] 4999 | |     /// https://developer.mozilla.org/en-US/docs/Web/JavaScript/Reference/Global_Objects/Int8Array
[INFO] [stdout] 5000 | |     Int8Array: i8,
[INFO] [stdout] ...    |
[INFO] [stdout] 5032 | |     Float64Array: f64,
[INFO] [stdout] 5033 | | }
[INFO] [stdout]      | |_- in this macro invocation
[INFO] [stdout]      |
[INFO] [stdout]      = note: this error originates in a macro (in Nightly builds, run with -Z macro-backtrace for more info)
[INFO] [stdout] 
[INFO] [stdout] 
[INFO] [stdout] error: return value of constructor must be a bare path
[INFO] [stdout]     --> /opt/rustwide/cargo-home/registry/src/github.com-1ecc6299db9ec823/js-sys-0.3.37/src/lib.rs:4814:13
[INFO] [stdout]      |
[INFO] [stdout] 4814 | /             /// An
[INFO] [stdout] 4815 | |             #[doc = $ctor]
[INFO] [stdout] 4816 | |             /// which creates an array with the given buffer but is a
[INFO] [stdout] 4817 | |             /// view starting at `byte_offset`.
[INFO] [stdout] ...    |
[INFO] [stdout] 4822 | |             #[wasm_bindgen(constructor)]
[INFO] [stdout] 4823 | |             pub fn new_with_byte_offset(buffer: &JsValue, byte_offset: u32) -> $name;
[INFO] [stdout]      | |_____________________________________________________________________________________^
[INFO] [stdout] ...
[INFO] [stdout] 4997 | / arrays! {
[INFO] [stdout] 4998 | |     /// `Int8Array()`
[INFO] [stdout] 4999 | |     /// https://developer.mozilla.org/en-US/docs/Web/JavaScript/Reference/Global_Objects/Int8Array
[INFO] [stdout] 5000 | |     Int8Array: i8,
[INFO] [stdout] ...    |
[INFO] [stdout] 5032 | |     Float64Array: f64,
[INFO] [stdout] 5033 | | }
[INFO] [stdout]      | |_- in this macro invocation
[INFO] [stdout]      |
[INFO] [stdout]      = note: this error originates in a macro (in Nightly builds, run with -Z macro-backtrace for more info)
[INFO] [stdout] 
[INFO] [stdout] 
[INFO] [stdout] error: return value of constructor must be a bare path
[INFO] [stdout]     --> /opt/rustwide/cargo-home/registry/src/github.com-1ecc6299db9ec823/js-sys-0.3.37/src/lib.rs:4825:13
[INFO] [stdout]      |
[INFO] [stdout] 4825 | /             /// An
[INFO] [stdout] 4826 | |             #[doc = $ctor]
[INFO] [stdout] 4827 | |             /// which creates an array with the given buffer but is a
[INFO] [stdout] 4828 | |             /// view starting at `byte_offset` for `length` elements.
[INFO] [stdout] ...    |
[INFO] [stdout] 4837 | |                 length: u32,
[INFO] [stdout] 4838 | |             ) -> $name;
[INFO] [stdout]      | |_______________________^
[INFO] [stdout] ...
[INFO] [stdout] 4997 | / arrays! {
[INFO] [stdout] 4998 | |     /// `Int8Array()`
[INFO] [stdout] 4999 | |     /// https://developer.mozilla.org/en-US/docs/Web/JavaScript/Reference/Global_Objects/Int8Array
[INFO] [stdout] 5000 | |     Int8Array: i8,
[INFO] [stdout] ...    |
[INFO] [stdout] 5032 | |     Float64Array: f64,
[INFO] [stdout] 5033 | | }
[INFO] [stdout]      | |_- in this macro invocation
[INFO] [stdout]      |
[INFO] [stdout]      = note: this error originates in a macro (in Nightly builds, run with -Z macro-backtrace for more info)
[INFO] [stdout] 
[INFO] [stdout] 
[INFO] [stdout] error: first argument of method must be a path
[INFO] [stdout]     --> /opt/rustwide/cargo-home/registry/src/github.com-1ecc6299db9ec823/js-sys-0.3.37/src/lib.rs:4845:32
[INFO] [stdout]      |
[INFO] [stdout] 4845 |               pub fn fill(this: &$name, value: $ty, start: u32, end: u32) -> $name;
[INFO] [stdout]      |                                  ^^^^^
[INFO] [stdout] ...
[INFO] [stdout] 4997 | / arrays! {
[INFO] [stdout] 4998 | |     /// `Int8Array()`
[INFO] [stdout] 4999 | |     /// https://developer.mozilla.org/en-US/docs/Web/JavaScript/Reference/Global_Objects/Int8Array
[INFO] [stdout] 5000 | |     Int8Array: i8,
[INFO] [stdout] ...    |
[INFO] [stdout] 5032 | |     Float64Array: f64,
[INFO] [stdout] 5033 | | }
[INFO] [stdout]      | |_- in this macro invocation
[INFO] [stdout]      |
[INFO] [stdout]      = note: this error originates in a macro (in Nightly builds, run with -Z macro-backtrace for more info)
[INFO] [stdout] 
[INFO] [stdout] 
[INFO] [stdout] error: first argument of method must be a path
[INFO] [stdout]     --> /opt/rustwide/cargo-home/registry/src/github.com-1ecc6299db9ec823/js-sys-0.3.37/src/lib.rs:4850:34
[INFO] [stdout]      |
[INFO] [stdout] 4850 |               pub fn buffer(this: &$name) -> ArrayBuffer;
[INFO] [stdout]      |                                    ^^^^^
[INFO] [stdout] ...
[INFO] [stdout] 4997 | / arrays! {
[INFO] [stdout] 4998 | |     /// `Int8Array()`
[INFO] [stdout] 4999 | |     /// https://developer.mozilla.org/en-US/docs/Web/JavaScript/Reference/Global_Objects/Int8Array
[INFO] [stdout] 5000 | |     Int8Array: i8,
[INFO] [stdout] ...    |
[INFO] [stdout] 5032 | |     Float64Array: f64,
[INFO] [stdout] 5033 | | }
[INFO] [stdout]      | |_- in this macro invocation
[INFO] [stdout]      |
[INFO] [stdout]      = note: this error originates in a macro (in Nightly builds, run with -Z macro-backtrace for more info)
[INFO] [stdout] 
[INFO] [stdout] 
[INFO] [stdout] error: first argument of method must be a path
[INFO] [stdout]     --> /opt/rustwide/cargo-home/registry/src/github.com-1ecc6299db9ec823/js-sys-0.3.37/src/lib.rs:4856:36
[INFO] [stdout]      |
[INFO] [stdout] 4856 |               pub fn subarray(this: &$name, begin: u32, end: u32) -> $name;
[INFO] [stdout]      |                                      ^^^^^
[INFO] [stdout] ...
[INFO] [stdout] 4997 | / arrays! {
[INFO] [stdout] 4998 | |     /// `Int8Array()`
[INFO] [stdout] 4999 | |     /// https://developer.mozilla.org/en-US/docs/Web/JavaScript/Reference/Global_Objects/Int8Array
[INFO] [stdout] 5000 | |     Int8Array: i8,
[INFO] [stdout] ...    |
[INFO] [stdout] 5032 | |     Float64Array: f64,
[INFO] [stdout] 5033 | | }
[INFO] [stdout]      | |_- in this macro invocation
[INFO] [stdout]      |
[INFO] [stdout]      = note: this error originates in a macro (in Nightly builds, run with -Z macro-backtrace for more info)
[INFO] [stdout] 
[INFO] [stdout] 
[INFO] [stdout] error: first argument of method must be a path
[INFO] [stdout]     --> /opt/rustwide/cargo-home/registry/src/github.com-1ecc6299db9ec823/js-sys-0.3.37/src/lib.rs:4862:33
[INFO] [stdout]      |
[INFO] [stdout] 4862 |               pub fn slice(this: &$name, begin: u32, end: u32) -> $name;
[INFO] [stdout]      |                                   ^^^^^
[INFO] [stdout] ...
[INFO] [stdout] 4997 | / arrays! {
[INFO] [stdout] 4998 | |     /// `Int8Array()`
[INFO] [stdout] 4999 | |     /// https://developer.mozilla.org/en-US/docs/Web/JavaScript/Reference/Global_Objects/Int8Array
[INFO] [stdout] 5000 | |     Int8Array: i8,
[INFO] [stdout] ...    |
[INFO] [stdout] 5032 | |     Float64Array: f64,
[INFO] [stdout] 5033 | | }
[INFO] [stdout]      | |_- in this macro invocation
[INFO] [stdout]      |
[INFO] [stdout]      = note: this error originates in a macro (in Nightly builds, run with -Z macro-backtrace for more info)
[INFO] [stdout] 
[INFO] [stdout] 
[INFO] [stdout] error: first argument of method must be a path
[INFO] [stdout]     --> /opt/rustwide/cargo-home/registry/src/github.com-1ecc6299db9ec823/js-sys-0.3.37/src/lib.rs:4869:36
[INFO] [stdout]      |
[INFO] [stdout] 4869 |               pub fn for_each(this: &$name, callback: &mut dyn FnMut($ty, u32, $name));
[INFO] [stdout]      |                                      ^^^^^
[INFO] [stdout] ...
[INFO] [stdout] 4997 | / arrays! {
[INFO] [stdout] 4998 | |     /// `Int8Array()`
[INFO] [stdout] 4999 | |     /// https://developer.mozilla.org/en-US/docs/Web/JavaScript/Reference/Global_Objects/Int8Array
[INFO] [stdout] 5000 | |     Int8Array: i8,
[INFO] [stdout] ...    |
[INFO] [stdout] 5032 | |     Float64Array: f64,
[INFO] [stdout] 5033 | | }
[INFO] [stdout]      | |_- in this macro invocation
[INFO] [stdout]      |
[INFO] [stdout]      = note: this error originates in a macro (in Nightly builds, run with -Z macro-backtrace for more info)
[INFO] [stdout] 
[INFO] [stdout] 
[INFO] [stdout] error: first argument of method must be a path
[INFO] [stdout]     --> /opt/rustwide/cargo-home/registry/src/github.com-1ecc6299db9ec823/js-sys-0.3.37/src/lib.rs:4874:34
[INFO] [stdout]      |
[INFO] [stdout] 4874 |               pub fn length(this: &$name) -> u32;
[INFO] [stdout]      |                                    ^^^^^
[INFO] [stdout] ...
[INFO] [stdout] 4997 | / arrays! {
[INFO] [stdout] 4998 | |     /// `Int8Array()`
[INFO] [stdout] 4999 | |     /// https://developer.mozilla.org/en-US/docs/Web/JavaScript/Reference/Global_Objects/Int8Array
[INFO] [stdout] 5000 | |     Int8Array: i8,
[INFO] [stdout] ...    |
[INFO] [stdout] 5032 | |     Float64Array: f64,
[INFO] [stdout] 5033 | | }
[INFO] [stdout]      | |_- in this macro invocation
[INFO] [stdout]      |
[INFO] [stdout]      = note: this error originates in a macro (in Nightly builds, run with -Z macro-backtrace for more info)
[INFO] [stdout] 
[INFO] [stdout] 
[INFO] [stdout] error: first argument of method must be a path
[INFO] [stdout]     --> /opt/rustwide/cargo-home/registry/src/github.com-1ecc6299db9ec823/js-sys-0.3.37/src/lib.rs:4879:39
[INFO] [stdout]      |
[INFO] [stdout] 4879 |               pub fn byte_length(this: &$name) -> u32;
[INFO] [stdout]      |                                         ^^^^^
[INFO] [stdout] ...
[INFO] [stdout] 4997 | / arrays! {
[INFO] [stdout] 4998 | |     /// `Int8Array()`
[INFO] [stdout] 4999 | |     /// https://developer.mozilla.org/en-US/docs/Web/JavaScript/Reference/Global_Objects/Int8Array
[INFO] [stdout] 5000 | |     Int8Array: i8,
[INFO] [stdout] ...    |
[INFO] [stdout] 5032 | |     Float64Array: f64,
[INFO] [stdout] 5033 | | }
[INFO] [stdout]      | |_- in this macro invocation
[INFO] [stdout]      |
[INFO] [stdout]      = note: this error originates in a macro (in Nightly builds, run with -Z macro-backtrace for more info)
[INFO] [stdout] 
[INFO] [stdout] 
[INFO] [stdout] error: first argument of method must be a path
[INFO] [stdout]     --> /opt/rustwide/cargo-home/registry/src/github.com-1ecc6299db9ec823/js-sys-0.3.37/src/lib.rs:4884:39
[INFO] [stdout]      |
[INFO] [stdout] 4884 |               pub fn byte_offset(this: &$name) -> u32;
[INFO] [stdout]      |                                         ^^^^^
[INFO] [stdout] ...
[INFO] [stdout] 4997 | / arrays! {
[INFO] [stdout] 4998 | |     /// `Int8Array()`
[INFO] [stdout] 4999 | |     /// https://developer.mozilla.org/en-US/docs/Web/JavaScript/Reference/Global_Objects/Int8Array
[INFO] [stdout] 5000 | |     Int8Array: i8,
[INFO] [stdout] ...    |
[INFO] [stdout] 5032 | |     Float64Array: f64,
[INFO] [stdout] 5033 | | }
[INFO] [stdout]      | |_- in this macro invocation
[INFO] [stdout]      |
[INFO] [stdout]      = note: this error originates in a macro (in Nightly builds, run with -Z macro-backtrace for more info)
[INFO] [stdout] 
[INFO] [stdout] 
[INFO] [stdout] error: first argument of method must be a path
[INFO] [stdout]     --> /opt/rustwide/cargo-home/registry/src/github.com-1ecc6299db9ec823/js-sys-0.3.37/src/lib.rs:4889:31
[INFO] [stdout]      |
[INFO] [stdout] 4889 |               pub fn set(this: &$name, src: &JsValue, offset: u32);
[INFO] [stdout]      |                                 ^^^^^
[INFO] [stdout] ...
[INFO] [stdout] 4997 | / arrays! {
[INFO] [stdout] 4998 | |     /// `Int8Array()`
[INFO] [stdout] 4999 | |     /// https://developer.mozilla.org/en-US/docs/Web/JavaScript/Reference/Global_Objects/Int8Array
[INFO] [stdout] 5000 | |     Int8Array: i8,
[INFO] [stdout] ...    |
[INFO] [stdout] 5032 | |     Float64Array: f64,
[INFO] [stdout] 5033 | | }
[INFO] [stdout]      | |_- in this macro invocation
[INFO] [stdout]      |
[INFO] [stdout]      = note: this error originates in a macro (in Nightly builds, run with -Z macro-backtrace for more info)
[INFO] [stdout] 
[INFO] [stdout] 
[INFO] [stdout] error: first argument of method must be a path
[INFO] [stdout]     --> /opt/rustwide/cargo-home/registry/src/github.com-1ecc6299db9ec823/js-sys-0.3.37/src/lib.rs:4893:37
[INFO] [stdout]      |
[INFO] [stdout] 4893 |               pub fn get_index(this: &$name, idx: u32) -> $ty;
[INFO] [stdout]      |                                       ^^^^^
[INFO] [stdout] ...
[INFO] [stdout] 4997 | / arrays! {
[INFO] [stdout] 4998 | |     /// `Int8Array()`
[INFO] [stdout] 4999 | |     /// https://developer.mozilla.org/en-US/docs/Web/JavaScript/Reference/Global_Objects/Int8Array
[INFO] [stdout] 5000 | |     Int8Array: i8,
[INFO] [stdout] ...    |
[INFO] [stdout] 5032 | |     Float64Array: f64,
[INFO] [stdout] 5033 | | }
[INFO] [stdout]      | |_- in this macro invocation
[INFO] [stdout]      |
[INFO] [stdout]      = note: this error originates in a macro (in Nightly builds, run with -Z macro-backtrace for more info)
[INFO] [stdout] 
[INFO] [stdout] 
[INFO] [stdout] error: first argument of method must be a path
[INFO] [stdout]     --> /opt/rustwide/cargo-home/registry/src/github.com-1ecc6299db9ec823/js-sys-0.3.37/src/lib.rs:4897:37
[INFO] [stdout]      |
[INFO] [stdout] 4897 |               pub fn set_index(this: &$name, idx: u32, value: $ty);
[INFO] [stdout]      |                                       ^^^^^
[INFO] [stdout] ...
[INFO] [stdout] 4997 | / arrays! {
[INFO] [stdout] 4998 | |     /// `Int8Array()`
[INFO] [stdout] 4999 | |     /// https://developer.mozilla.org/en-US/docs/Web/JavaScript/Reference/Global_Objects/Int8Array
[INFO] [stdout] 5000 | |     Int8Array: i8,
[INFO] [stdout] ...    |
[INFO] [stdout] 5032 | |     Float64Array: f64,
[INFO] [stdout] 5033 | | }
[INFO] [stdout]      | |_- in this macro invocation
[INFO] [stdout]      |
[INFO] [stdout]      = note: this error originates in a macro (in Nightly builds, run with -Z macro-backtrace for more info)
[INFO] [stdout] 
[INFO] [stdout] 
[INFO] [stdout] error[E0433]: failed to resolve: use of undeclared type or module `Int8Array`
[INFO] [stdout]     --> /opt/rustwide/cargo-home/registry/src/github.com-1ecc6299db9ec823/js-sys-0.3.37/src/lib.rs:5000:5
[INFO] [stdout]      |
[INFO] [stdout] 5000 |     Int8Array: i8,
[INFO] [stdout]      |     ^^^^^^^^^ use of undeclared type or module `Int8Array`
[INFO] [stdout] 
[INFO] [stdout] 
[INFO] [stdout] error[E0433]: failed to resolve: use of undeclared type or module `Int16Array`
[INFO] [stdout]     --> /opt/rustwide/cargo-home/registry/src/github.com-1ecc6299db9ec823/js-sys-0.3.37/src/lib.rs:5004:5
[INFO] [stdout]      |
[INFO] [stdout] 5004 |     Int16Array: i16,
[INFO] [stdout]      |     ^^^^^^^^^^ use of undeclared type or module `Int16Array`
[INFO] [stdout] 
[INFO] [stdout] 
[INFO] [stdout] error[E0433]: failed to resolve: use of undeclared type or module `Int32Array`
[INFO] [stdout]     --> /opt/rustwide/cargo-home/registry/src/github.com-1ecc6299db9ec823/js-sys-0.3.37/src/lib.rs:5008:5
[INFO] [stdout]      |
[INFO] [stdout] 5008 |     Int32Array: i32,
[INFO] [stdout]      |     ^^^^^^^^^^ use of undeclared type or module `Int32Array`
[INFO] [stdout] 
[INFO] [stdout] 
[INFO] [stdout] error[E0433]: failed to resolve: use of undeclared type or module `Uint8Array`
[INFO] [stdout]     --> /opt/rustwide/cargo-home/registry/src/github.com-1ecc6299db9ec823/js-sys-0.3.37/src/lib.rs:5012:5
[INFO] [stdout]      |
[INFO] [stdout] 5012 |     Uint8Array: u8,
[INFO] [stdout]      |     ^^^^^^^^^^ use of undeclared type or module `Uint8Array`
[INFO] [stdout] 
[INFO] [stdout] 
[INFO] [stdout] error[E0433]: failed to resolve: use of undeclared type or module `Uint8ClampedArray`
[INFO] [stdout]     --> /opt/rustwide/cargo-home/registry/src/github.com-1ecc6299db9ec823/js-sys-0.3.37/src/lib.rs:5016:5
[INFO] [stdout]      |
[INFO] [stdout] 5016 |     Uint8ClampedArray: u8,
[INFO] [stdout]      |     ^^^^^^^^^^^^^^^^^ use of undeclared type or module `Uint8ClampedArray`
[INFO] [stdout] 
[INFO] [stdout] 
[INFO] [stdout] error[E0433]: failed to resolve: use of undeclared type or module `Uint16Array`
[INFO] [stdout]     --> /opt/rustwide/cargo-home/registry/src/github.com-1ecc6299db9ec823/js-sys-0.3.37/src/lib.rs:5020:5
[INFO] [stdout]      |
[INFO] [stdout] 5020 |     Uint16Array: u16,
[INFO] [stdout]      |     ^^^^^^^^^^^ use of undeclared type or module `Uint16Array`
[INFO] [stdout] 
[INFO] [stdout] 
[INFO] [stdout] error[E0433]: failed to resolve: use of undeclared type or module `Uint32Array`
[INFO] [stdout]     --> /opt/rustwide/cargo-home/registry/src/github.com-1ecc6299db9ec823/js-sys-0.3.37/src/lib.rs:5024:5
[INFO] [stdout]      |
[INFO] [stdout] 5024 |     Uint32Array: u32,
[INFO] [stdout]      |     ^^^^^^^^^^^ use of undeclared type or module `Uint32Array`
[INFO] [stdout] 
[INFO] [stdout] 
[INFO] [stdout] error[E0433]: failed to resolve: use of undeclared type or module `Float32Array`
[INFO] [stdout]     --> /opt/rustwide/cargo-home/registry/src/github.com-1ecc6299db9ec823/js-sys-0.3.37/src/lib.rs:5028:5
[INFO] [stdout]      |
[INFO] [stdout] 5028 |     Float32Array: f32,
[INFO] [stdout]      |     ^^^^^^^^^^^^ use of undeclared type or module `Float32Array`
[INFO] [stdout] 
[INFO] [stdout] 
[INFO] [stdout] error[E0433]: failed to resolve: use of undeclared type or module `Float64Array`
[INFO] [stdout]     --> /opt/rustwide/cargo-home/registry/src/github.com-1ecc6299db9ec823/js-sys-0.3.37/src/lib.rs:5032:5
[INFO] [stdout]      |
[INFO] [stdout] 5032 |     Float64Array: f64,
[INFO] [stdout]      |     ^^^^^^^^^^^^ use of undeclared type or module `Float64Array`
[INFO] [stdout] 
[INFO] [stdout] 
[INFO] [stdout] error[E0412]: cannot find type `Int32Array` in this scope
[INFO] [stdout]    --> /opt/rustwide/cargo-home/registry/src/github.com-1ecc6299db9ec823/js-sys-0.3.37/src/lib.rs:700:37
[INFO] [stdout]     |
[INFO] [stdout] 700 |         pub fn notify(typed_array: &Int32Array, index: u32) -> Result<u32, JsValue>;
[INFO] [stdout]     |                                     ^^^^^^^^^^ not found in this scope
[INFO] [stdout] 
[INFO] [stdout] 
[INFO] [stdout] error[E0412]: cannot find type `Int32Array` in this scope
[INFO] [stdout]    --> /opt/rustwide/cargo-home/registry/src/github.com-1ecc6299db9ec823/js-sys-0.3.37/src/lib.rs:705:27
[INFO] [stdout]     |
[INFO] [stdout] 705 |             typed_array: &Int32Array,
[INFO] [stdout]     |                           ^^^^^^^^^^ not found in this scope
[INFO] [stdout] 
[INFO] [stdout] 
[INFO] [stdout] error[E0412]: cannot find type `Int32Array` in this scope
[INFO] [stdout]    --> /opt/rustwide/cargo-home/registry/src/github.com-1ecc6299db9ec823/js-sys-0.3.37/src/lib.rs:744:35
[INFO] [stdout]     |
[INFO] [stdout] 744 |         pub fn wait(typed_array: &Int32Array, index: u32, value: i32) -> Result<JsString, JsValue>;
[INFO] [stdout]     |                                   ^^^^^^^^^^ not found in this scope
[INFO] [stdout] 
[INFO] [stdout] 
[INFO] [stdout] error[E0412]: cannot find type `Int32Array` in this scope
[INFO] [stdout]    --> /opt/rustwide/cargo-home/registry/src/github.com-1ecc6299db9ec823/js-sys-0.3.37/src/lib.rs:751:27
[INFO] [stdout]     |
[INFO] [stdout] 751 |             typed_array: &Int32Array,
[INFO] [stdout]     |                           ^^^^^^^^^^ not found in this scope
[INFO] [stdout] 
[INFO] [stdout] 
[INFO] [stdout] error[E0412]: cannot find type `Int8Array` in this scope
[INFO] [stdout]     --> /opt/rustwide/cargo-home/registry/src/github.com-1ecc6299db9ec823/js-sys-0.3.37/src/lib.rs:5000:5
[INFO] [stdout]      |
[INFO] [stdout] 5000 |     Int8Array: i8,
[INFO] [stdout]      |     ^^^^^^^^^ not found in this scope
[INFO] [stdout] 
[INFO] [stdout] 
[INFO] [stdout] error[E0412]: cannot find type `Int16Array` in this scope
[INFO] [stdout]     --> /opt/rustwide/cargo-home/registry/src/github.com-1ecc6299db9ec823/js-sys-0.3.37/src/lib.rs:5004:5
[INFO] [stdout]      |
[INFO] [stdout] 5004 |     Int16Array: i16,
[INFO] [stdout]      |     ^^^^^^^^^^ not found in this scope
[INFO] [stdout] 
[INFO] [stdout] 
[INFO] [stdout] error[E0412]: cannot find type `Int32Array` in this scope
[INFO] [stdout]     --> /opt/rustwide/cargo-home/registry/src/github.com-1ecc6299db9ec823/js-sys-0.3.37/src/lib.rs:5008:5
[INFO] [stdout]      |
[INFO] [stdout] 5008 |     Int32Array: i32,
[INFO] [stdout]      |     ^^^^^^^^^^ not found in this scope
[INFO] [stdout] 
[INFO] [stdout] 
[INFO] [stdout] error[E0412]: cannot find type `Uint8Array` in this scope
[INFO] [stdout]     --> /opt/rustwide/cargo-home/registry/src/github.com-1ecc6299db9ec823/js-sys-0.3.37/src/lib.rs:5012:5
[INFO] [stdout]      |
[INFO] [stdout] 5012 |     Uint8Array: u8,
[INFO] [stdout]      |     ^^^^^^^^^^ not found in this scope
[INFO] [stdout] 
[INFO] [stdout] 
[INFO] [stdout] error[E0412]: cannot find type `Uint8ClampedArray` in this scope
[INFO] [stdout]     --> /opt/rustwide/cargo-home/registry/src/github.com-1ecc6299db9ec823/js-sys-0.3.37/src/lib.rs:5016:5
[INFO] [stdout]      |
[INFO] [stdout] 5016 |     Uint8ClampedArray: u8,
[INFO] [stdout]      |     ^^^^^^^^^^^^^^^^^ not found in this scope
[INFO] [stdout] 
[INFO] [stdout] 
[INFO] [stdout] error[E0412]: cannot find type `Uint16Array` in this scope
[INFO] [stdout]     --> /opt/rustwide/cargo-home/registry/src/github.com-1ecc6299db9ec823/js-sys-0.3.37/src/lib.rs:5020:5
[INFO] [stdout]      |
[INFO] [stdout] 5020 |     Uint16Array: u16,
[INFO] [stdout]      |     ^^^^^^^^^^^ not found in this scope
[INFO] [stdout] 
[INFO] [stdout] 
[INFO] [stdout] error[E0412]: cannot find type `Uint32Array` in this scope
[INFO] [stdout]     --> /opt/rustwide/cargo-home/registry/src/github.com-1ecc6299db9ec823/js-sys-0.3.37/src/lib.rs:5024:5
[INFO] [stdout]      |
[INFO] [stdout] 5024 |     Uint32Array: u32,
[INFO] [stdout]      |     ^^^^^^^^^^^ not found in this scope
[INFO] [stdout] 
[INFO] [stdout] 
[INFO] [stdout] error[E0412]: cannot find type `Float32Array` in this scope
[INFO] [stdout]     --> /opt/rustwide/cargo-home/registry/src/github.com-1ecc6299db9ec823/js-sys-0.3.37/src/lib.rs:5028:5
[INFO] [stdout]      |
[INFO] [stdout] 5028 |     Float32Array: f32,
[INFO] [stdout]      |     ^^^^^^^^^^^^ not found in this scope
[INFO] [stdout] 
[INFO] [stdout] 
[INFO] [stdout] error[E0412]: cannot find type `Float64Array` in this scope
[INFO] [stdout]     --> /opt/rustwide/cargo-home/registry/src/github.com-1ecc6299db9ec823/js-sys-0.3.37/src/lib.rs:5032:5
[INFO] [stdout]      |
[INFO] [stdout] 5032 |     Float64Array: f64,
[INFO] [stdout]      |     ^^^^^^^^^^^^ not found in this scope
[INFO] [stdout] 
[INFO] [stdout] 
[INFO] [stdout] error: aborting due to 37 previous errors
[INFO] [stdout] 
[INFO] [stdout] 
[INFO] [stdout] Some errors have detailed explanations: E0412, E0433.
[INFO] [stdout] 
[INFO] [stdout] For more information about an error, try `rustc --explain E0412`.
[INFO] [stdout] 
[INFO] [stderr] error: could not compile `js-sys`.
[INFO] [stderr] 
[INFO] [stderr] To learn more, run the command again with --verbose.
[INFO] running `Command { std: "docker" "inspect" "f7292b79803763392785dcf32380b32890112e1f9f6e1a2b63a49c9c5b85eba9", kill_on_drop: false }`
[INFO] running `Command { std: "docker" "rm" "-f" "f7292b79803763392785dcf32380b32890112e1f9f6e1a2b63a49c9c5b85eba9", kill_on_drop: false }`
[INFO] [stdout] f7292b79803763392785dcf32380b32890112e1f9f6e1a2b63a49c9c5b85eba9
